992 + 72?
2a54
In base 6, what is 114450323 - -2?
114450325
In base 8, what is 2 + 35371?
35373
In base 9, what is 0 + 45870?
45870
In base 9, what is 4 - 8852?
-8847
In base 3, what is -11 - -2001002?
2000221
In base 16, what is 9 - 12a4a?
-12a41
In base 12, what is -3 - 6a78?
-6a7b
In base 9, what is 28532 - 3?
28528
In base 13, what is 38 - 4a4?
-469
In base 10, what is -22 - 385?
-407
In base 7, what is 52 + 12154?
12236
In base 8, what is 2520 + -23?
2475
In base 16, what is -4ec + -2?
-4ee
In base 2, what is 10011000 - 100000?
1111000
In base 13, what is 326 - -194?
4ba
In base 8, what is 21757 - -63?
22042
In base 10, what is 179584 - -4?
179588
In base 8, what is -3 + 12257?
12254
In base 13, what is 17 + -3bbc?
-3ba5
In base 7, what is 0 - -232035?
232035
In base 16, what is -108 + 108?
0
In base 15, what is -6a62e + -4?
-6a633
In base 8, what is 113072 - -6?
113100
In base 7, what is -3 - -131003?
131000
In base 9, what is -1 + 37454?
37453
In base 12, what is 32300 + -8?
322b4
In base 12, what is 695 - -59?
732
In base 16, what is 3 + 36f0?
36f3
In base 5, what is -34010 - 10?
-34020
In base 12, what is -98327 + -2?
-98329
In base 8, what is -3 - 211?
-214
In base 16, what is 4d - -1a33?
1a80
In base 16, what is d5b4 + 1?
d5b5
In base 10, what is -32 + 107564?
107532
In base 16, what is -8 + e89?
e81
In base 5, what is -12 - 21313012?
-21313024
In base 9, what is -31487 + -21?
-31518
In base 13, what is 6 + -c8b1?
-c8a8
In base 3, what is 2022 + 220021?
222120
In base 2, what is -11101000101010 - 1?
-11101000101011
In base 8, what is -4263 - 15?
-4300
In base 6, what is -13 + 41410?
41353
In base 12, what is -280b - -8?
-2803
In base 16, what is -d + 39f?
392
In base 6, what is 2 - -14520?
14522
In base 13, what is 18cc + -16?
18b6
In base 3, what is 2 - -2022020012101?
2022020012110
In base 13, what is b - 6c7?
-6b9
In base 14, what is 65c7 - -25?
660c
In base 7, what is -241 - 151?
-422
In base 10, what is -24 - -1225?
1201
In base 9, what is 10 + 8078?
8088
In base 15, what is -eb8 + 61c?
-89b
In base 9, what is -2074 - -34?
-2040
In base 3, what is 20111 - -11120121?
11211002
In base 12, what is -4463 + 0?
-4463
In base 4, what is -22033211 - -1111?
-22032100
In base 15, what is -5 - b81?
-b86
In base 3, what is -10010012 + -102102?
-10112121
In base 5, what is -20204 + -3?
-20212
In base 13, what is -3a + -189?
-1c6
In base 3, what is -1111211 - -1121110?
2122
In base 4, what is -111112 - 220?
-111332
In base 3, what is 0 - 1202120002?
-1202120002
In base 9, what is -1607 + 12?
-1585
In base 7, what is 16221205 + 4?
16221212
In base 8, what is 5 + -1567?
-1562
In base 7, what is -15 - -12142?
12124
In base 6, what is -2023353 + 4?
-2023345
In base 10, what is 2132 + -2?
2130
In base 8, what is 7104 + 51?
7155
In base 11, what is -14628 - -16?
-14612
In base 5, what is 4324413 - -3?
4324421
In base 5, what is -123041 - 1201?
-124242
In base 15, what is -1a57 - 11?
-1a68
In base 10, what is 687 - 333?
354
In base 3, what is -110112 + -21220?
-202102
In base 14, what is -19 - 2d46?
-2d61
In base 6, what is 131 - 31403?
-31232
In base 3, what is 210210122 + -102?
210210020
In base 11, what is -33770 - -a?
-33761
In base 7, what is 5 + -3161?
-3153
In base 3, what is -220022000 + 0?
-220022000
In base 15, what is 41 + -580?
-53e
In base 4, what is 1010111 + 2302?
1013013
In base 12, what is 26ab - -7?
26b6
In base 12, what is 9a0 - 132?
86a
In base 10, what is -12 - -14018?
14006
In base 8, what is -3133 - 1224?
-4357
In base 5, what is -14330 + 4?
-14321
In base 12, what is -1092 + -24?
-10b6
In base 11, what is 227 + -7?
220
In base 10, what is -666146 - -7?
-666139
In base 6, what is 30 + 12000?
12030
In base 9, what is 3 + -203418?
-203415
In base 13, what is -4 + -26a6?
-26aa
In base 10, what is -5 - 73879?
-73884
In base 6, what is -14 + 1004504?
1004450
In base 5, what is 4 + 112321431?
112321440
In base 15, what is -1 - 7c7d?
-7c7e
In base 10, what is -8 + -47066?
-47074
In base 9, what is 605642 + 0?
605642
In base 4, what is -2132122 - -32?
-2132030
In base 5, what is -10 - -1114220?
1114210
In base 9, what is -5335736 + 3?
-5335733
In base 13, what is 47 - 9116?
-909c
In base 15, what is 8e + 614?
6a3
In base 12, what is -4 + 4a63?
4a5b
In base 10, what is 564 + -40?
524
In base 11, what is -129 - 5373?
-54a1
In base 15, what is 404 + 8?
40c
In base 16, what is 656 - -1a?
670
In base 2, what is -1001111110010 + -101?
-1001111110111
In base 9, what is 2634 - 36?
2587
In base 14, what is 31ba6 - 8?
31b9c
In base 14, what is -7594 + 10?
-7584
In base 8, what is 214225 - 1?
214224
In base 4, what is -322 + 12003?
11021
In base 14, what is 716 + -629?
cb
In base 6, what is -2 - -143501?
143455
In base 12, what is 84 - 4353?
-428b
In base 6, what is 12025 - 13?
12012
In base 16, what is -23b921 - 5?
-23b926
In base 9, what is 120 - -57?
177
In base 13, what is 38404 - -4?
38408
In base 13, what is -c1 - -c29?
b38
In base 13, what is 28 - -77b?
7a6
In base 10, what is 665625 - 5?
665620
In base 13, what is 125 - -924?
a49
In base 15, what is -1d9 - -1a?
-1be
In base 4, what is 131112220 - 33?
131112121
In base 7, what is -115435 - -4?
-115431
In base 14, what is 10 + -1dab8?
-1daa8
In base 4, what is 10000 + 1010303?
1020303
In base 9, what is -47383 - -3?
-47380
In base 16, what is -5f60 - 0?
-5f60
In base 9, what is 2 - -514?
516
In base 14, what is 51 - 1197?
-1146
In base 6, what is -1310 - -2115?
405
In base 2, what is -1100010100111001110111 + 101?
-1100010100111001110010
In base 9, what is 3221427 - -2?
3221430
In base 14, what is 8 + 4602a?
46034
In base 9, what is 1083313 - 4?
1083308
In base 7, what is -1101 - 306?
-1410
In base 4, what is 300211102 - -31?
300211133
In base 5, what is 21 + -1322?
-1301
In base 8, what is -760 + -2047?
-3027
In base 10, what is 174 - -9?
183
In base 5, what is -1022212 + -120?
-1022332
In base 4, what is 313112 - 100?
313012
In base 13, what is 23b + 2184?
23c2
In base 9, what is 148 - -306?
455
In base 9, what is -1 - -14825?
14824
In base 10, what is 126 + -131?
-5
In base 13, what is 5 + 32ab2?
32ab7
In base 11, what is 3 - 770a?
-7707
In base 6, what is -11 - -444315?
444304
In base 7, what is -6 + -110646?
-110655
In base 11, what is 0 + -444592?
-444592
In base 9, what is -1 + 17760?
17758
In base 13, what is -5a - -12b?
a1
In base 6, what is 13252123 + 10?
13252133
In base 2, what is -1110001 + -1101011011?
-1111001100
In base 7, what is -2562 - -13?
-2546
In base 14, what is -d0cd31 - -5?
-d0cd2a
In base 10, what is -1237 + 13?
-1224
In base 12, what is 503 + -1?
502
In base 5, what is 402042 + -121?
401421
In base 7, what is 143066 + 24?
143123
In base 3, what is -1200121012 - 22?
-1200121111
In base 12, what is -2 - -47072?
47070
In base 3, what is -121 + 1100011202?
1100011011
In base 13, what is -16 + -555?
-56b
In base 9, what is -7 + -420228?
-420236
In base 6, what is -2 + -315555?
-320001
In base 9, what is 61 - -6633?
6704
In base 13, what is -14bb2 + -c?
-14bc1
In base 3, what is -21 + 10110112222?
10110112201
In base 4, what is -3301 + -123202?
-133103
In base 10, what is 3 + 15454?
15457
In base 5, what is 2120 - -324?
2444
In base 13, what is -12a5 + -3b?
-1313
In base 10, what is 42 - 80948?
-80906
In base 13, what is -1 + 2660b?
2660a
In base 12, what is 1aa - 21?
189
In base 11, what is 3 - 108a49?
-108a46
In base 11, what is 28a4 - 4a?
2855
In base 8, what is 1007253 + 4?
1007257
In base 11, what is -17 + -981?
-998
In base 3, what is -210 - 112110200?
-112111110
In base 5, what is 314 - -311232?
312101
In base 10, what is -331217 + -7?
-331224
In base 5, what is -40 - -3134423?
3134333
In base 14, what is 1176 + -3?
1173
In base 12, what is -128a394 - -4?
-128a390
In base 4, what is -232332311 + -21?
-232332332
In base 16, what is -4978 + bf?
-48b9
In base 7, what is -1055 - -1361?
303
In base 4, what is -1002223 - 21?
-1002310
In base 9, what is -21 + -1110?
-1131
In base 6, what is -102 + -243355?
-243501
In base 5, what is -3023443 - -1?
-3023442
In base 4, what is 10 + 1230102330?
1230103000
In base 4, what is -2232 - -132202?
123310
In base 3, what is 21010112 - 100?
21010012
In base 11, what is -2aa + 1120?
921
In base 14, what is -187 + -895?
-a3c
I